*l**3 + 5*l**2 - 114*l**3. Suppose 4*j + 4*h - 8 = 0, j + 0*j + 10 = -5*h. Is c(j) a prime number?
True
Suppose 15 = -2*m - 3. Let v(w) = -w**3 - w**2 + 78. Let q be v(0). Is q/m*(-9)/2 a prime number?
False
Suppose 526638 = 30*m + 193248. Is m a prime number?
True
Suppose -11 = 3*d - 4*w, 0*d + w + 4 = 3*d. Suppose 0 = d*v - 6*v + 2037. Is v a composite number?
True
Let p be (-1 + -1)/(4/(-298)). Suppose -f + p = -148. Let q = f + -148. Is q prime?
True
Let i = -36 - -18. Suppose 0 = s + 3*h + 2*h - 46, 3*s + 5*h = 128. Let b = s - i. Is b a prime number?
True
Let w = -50 + 55. Suppose -3105 = 2*o - 3*o + 5*f, 5*o - 15405 = -w*f. Is o prime?
False
Let n be 2/3*63/14. Suppose n*k - 4273 = 3848. Is k prime?
True
Suppose -5*o + x + 72 = 0, -6*o + 36 = -3*o + 3*x. Let u(z) = 5*z**2 - 22*z + 19. Is u(o) a composite number?
False
Let b = 16603 + -4086. Is b composite?
False
Let k(a) = 6 - 8 + 11 - 100*a. Is k(-8) prime?
True
Let c(o) be the second derivative of o**5/20 + 29*o**4/12 + 5*o**3/3 + 5*o**2/2 - 29*o. Is c(-12) prime?
True
Suppose -539 = -4*w + 93. Suppose w = -y + 883. Suppose 2*m - t = -2*t + 373, -4*m + 5*t = -y. Is m a composite number?
True
Suppose -8*c + 3*c + 1330 = 0. Suppose d = 5, 4*d + 235 + c = x. Is x prime?
True
Let p = 5943 - 1280. Is p a prime number?
True
Let k(m) = 3*m - 1. Let d be k(2). Suppose 4 = -2*o, 3*v - 6 = -v - o. Suppose 6 = 3*x, v*j + d*x - 153 = -37. Is j composite?
False
Let c be -2*(3 - 11/2). Suppose 1585 = -c*m + 10*m. Is m a composite number?
False
Let l(q) = -2*q**3 + 39*q**2 + 56*q + 202. Is l(-25) a composite number?
True
Let q = -5303 + 11176. Let v = -4022 + q. Is v composite?
True
Suppose -n = -4, -13*i = -15*i + 3*n + 53194. Is i a prime number?
False
Let k(j) = -2*j**3 + 1 + 15*j**2 + 8 + 3 + 7*j + 3*j**3. Is k(-11) a prime number?
True
Suppose 2*c - h - 9556 = -3011, -9825 = -3*c + 4*h. Is c prime?
True
Let o(i) = -15*i**3 - i**2 - 2*i - 1. Let y be o(-1). Let h be 4/(-10) - (-96)/y. Let b = 19 - h. Is b composite?
False
Suppose 3*i - 4*w - 8274 = 0, 0 = w + 3 - 0. Suppose 6*z + y = 2*z + 3657, 3*y = -3*z + i. Is z a composite number?
True
Suppose -4*t = -0*j + 4*j + 80, -3*t - 4*j = 60. Is t + 16 - (-549)/1 composite?
True
Let z(m) be the third derivative of 13*m**4/24 - 7*m**3/3 - m**2. Is z(12) prime?
False
Let g(p) = -1 - 2 + 3*p - 11*p**2 + 9*p**2 + 2. Let u be g(2). Is (u + 2)/(2/(-674)) composite?
False
Let o(i) = 8*i**2 + 2*i - 1. Let l be (-1)/(-3 + 5/2). Suppose 6*g + 7 = 3*g + s, 4*g - 5*s = -l. Is o(g) a prime number?
False
Suppose 4*c - 8 = -5*x, 3 = -x + 2*c - 1. Let v be x/(-2) - (-9 + 39). Is ((-740)/v)/((-2)/(-3)) a composite number?
False
Is (-18013)/((4/(-1))/4) composite?
False
Suppose -2*t = 3 + 1. Let y be t - 6*(-3 + -82). Let j = -257 + y. Is j a composite number?
False
Let w be (1 - -1)/((-12)/18). Let i be (-98 + w)/(2/(-56)). Suppose 5*o = o + i. Is o composite?
True
Let d be 35/(-21)*(-4)/(4/(-3)). Is d/(-10)*-6 - (-806 - 0) a composite number?
True
Let b(q) = 332*q - 24. Let l be b(24). Suppose 0 = 5*g + 3*g - l. Is g composite?
True
Let u(r) be the first derivative of r**4/4 + 7*r**3/3 + r**2 - 9*r + 11. Is u(-5) composite?
False
Is -1 - -4 - (-2749 + -4 + 9) composite?
True
Let t(p) = -433*p - 93*p - 42*p - 5 - 48*p. Is t(-1) a prime number?
False
Suppose -2*v - 3 = -5*v, -4*b = 3*v - 1355. Is (b - -5 - 1) + 5 a prime number?
True
Suppose 11*l = 6*l + 15. Is (l + 18/(-4))*(-4208)/12 a composite number?
True
Let n(w) = 2*w**3 - 24*w**2 - 8*w + 29. Is n(13) a composite number?
False
Let u be -3 + (1125 - 2 - -3). Let l = 1772 - u. Is l a prime number?
False
Let o = -1200 + -882. Let v = o + 3149. Is v composite?
True
Suppose -6*v + 7*v - 4 = 3*o, 3*o - 4*v + 16 = 0. Suppose 2*w - 47 = 5*y, -4*w - 3*y + 133 = -o*y. Is w composite?
False
Let n be (-3)/2 + (-25)/(-10). Is 2/(1/(-1226)*-1) + n composite?
True
Let g(b) = 4 + 282*b - 4 + 42*b - 5. Is g(4) a prime number?
True
Let m(r) be the first derivative of -8 - 106*r**2 + 3*r - 4*r + 2. Is m(-1) prime?
True
Let l(y) = -y**3 - 10*y**2 - 27*y - 19. Is l(-16) a prime number?
True
Suppose -219 - 732 = -q. Is q a prime number?
False
Suppose 0*z = -4*z + 12. Suppose -6*q = -z*q - 381. Is q a prime number?
True
Let m(r) = 31*r**2 - 41*r + 59. Is m(17) a prime number?
False
Let b(n) = -3*n + 5. Let s be b(-3). Suppose 2*z - s = -c, -z + 5*c = 2*c. Suppose h = 4*k + 77, -2*k - k - z = 0. Is h composite?
True
Let k(b) = 23*b**2 - 112*b + 11. Is k(10) prime?
False
Let w be ((-20)/(-25))/((-4)/(-10)). Let j(q) = w*q - q - q**3 + 14*q**2 - 6*q - 7. Is j(13) a composite number?
False
Let u(l) be the third derivative of 0*l + 35/6*l**3 - 1/120*l**6 - 3*l**2 - 1/60*l**5 + 1/24*l**4 + 0. Is u(0) prime?
False
Suppose 41*p - 38*p - 5*w - 47727 = 0, -4*w = p - 15909. Is p a composite number?
True
Let a be (-28)/70 + (-27944)/(-10). Suppose -6*m + a = 5*m. Is m prime?
False
Suppose 9*q - 1284 = 5*q. Is q/(-2)*(-24)/18 a prime number?
False
Let q(b) = -7*b**2 - 12*b - 8. Let x(k) = 2*k - 7. Let u be x(6). Let h(d) = -d**2 + 1. Let p(f) = u*h(f) - q(f). Is p(-9) a prime number?
True
Let l be (-21)/(-2) + 12/(-8). Let g = 506 - l. Is g composite?
True
Suppose f - 5*t = 3, -2*f + 5*t + 3 + 3 = 0. Suppose 2*z + f = 3*z. Suppose -4*g + 2137 = -g + 2*m, 1433 = 2*g + z*m. Is g a composite number?
False
Let w = 414184 - 233663. Is w a prime number?
False
Let s(g) = 2*g**2 + 9*g + 11. Let j(o) = 0*o**3 + 3 + 2*o**2 - 2*o + o**3 + 2*o**2. Let n be j(-5). Is s(n) prime?
True
Let s(q) = -2*q**3 + 16*q**2 - 16*q + 14. Let z be s(7). Suppose z = 14*m - 48 - 134. Is m a prime number?
True
Is (-18787)/((-50)/5 - -9) composite?
False
Suppose 1903 = -47*j + 48*j. Is j a prime number?
False
Suppose 7 = f + 3, s + 5*f - 20 = 0. Suppose -3*c + s*c = 0. Suppose c*d - 2*d + 662 = 0. Is d a prime number?
True
Let y = 15658 - 6557. Is y prime?
False
Suppose -3*g + 1057 = -20*a + 16*a, 2*g - 3*a = 706. Is g a prime number?
True
Suppose 46655 = -74*a + 77*a + 4*u, -3*a = -4*u - 46687. Is a composite?
True
Suppose 10 = -2*o + 2. Let n be o*3/(-3 + 0). Is (n - 14)*12/(-8) composite?
True
Suppose 22*g - 17*g = 6625. Let s = g - -3396. Is s a prime number?
True
Suppose k = -3*i + 7505, -4*i + 11*k - 6*k = -10032. Is i composite?
False
Suppose 18 = q - 25. Is 0 - -46*q - -1 composite?
False
Suppose -8*s + 4166 = 30. Is s a composite number?
True
Let f(b) = b + 1. Let t be f(4). Suppose -t*q + 2*q + 45 = 0. Is q composite?
True
Let r(c) = c**2 - 9*c - 6. Let v be r(10). Suppose 0 = 3*w + v*j - j - 7095, -4*j = -3*w + 7067. Is w a prime number?
False
Let r(f) = 9*f**2 - 2*f - 21. Is r(5) a composite number?
True
Is (-1828)/(-2)*(-8 + 210/20) composite?
True
Suppose -i - 61 = -w + i, 2*i = 4*w - 220. Suppose 28 + w = -3*o. Let x = -12 - o. Is x a composite number?
True
Let s = 275 - -13. Suppose -k = -s + 25. Is k a composite number?
False
Suppose 13*i - 10*i + 4710 = 0. Let d = i - -2685. Is d prime?
False
Let v = 204 - -236. Suppose 7*y - 3*y + 8 = 0, -4*f = -2*y - v. Is f composite?
False
Let w = -4071 + 6172. Is w composite?
True
Let t(f) = 19*f + 13. Let k(a) = -9*a - 7. Let m(p) = 11*k(p) + 6*t(p). Is m(6) a composite number?
True
Let f(y) = y**3 + 4*y**2 + 2*y. Let i be f(-3). Let u be i/1 + -2 + 344. Suppose -w = 4*w - u. Is w a composite number?
True
Let c(o) be the third derivative of -35*o**4/6 + 7*o**3/6 + 9*o**2. Is c(-9) a prime number?
False
Suppose 0*x + 2*n - 4 = -2*x, -4 = 3*x + 5*n. Suppose -3*s - 3868 = -x*s. Is s a composite number?
False
Let m = -93 - -89. Is 2/(1*m/(-1034)) prime?
False
Let j(c) = 2*c**2 + 8*c + 6. Let f be j(-5). Let s = 23 + f. Suppose 0*h = -h + s. Is h prime?
False
Let m be (-19 - -18)/(-1*(-1)/1). Is 4/(-16) - (65/(-4) - m) a composite number?
True
Let v = -2254 + 1489. Let n = v + 1104. Is n composite?
True
Suppose y = 37997 - 6040. Is y composite?
False
Suppose -40*v + 48*v = 14360. Is v a composite number?
True
Suppose -3*y - 12 = 0, 0 = 2*a - 4*a - 4*y - 8. Suppose t + 4*i = 77, 3*t - 167 = -0*t + 4*i. Suppose 5 - t = -a*o. Is o composite?
True
Let p be 20/(-15)*(-3)/2. Let k = p - 32. Let l = 45 + k. Is l composite?
True
Suppose 5*x + 50 = -4*m + 7, 3*x = 4*m + 51. Let r be (-52)/m - 6/(-9). Suppose 5*n = 3*z - 679, -r